s z(d)?
-2
Let q(w) = 3 + w**2 + 0*w + w + 0*w. Let g be (6/4)/(21/154). Suppose 26 = -5*i + g. Calculate q(i).
9
Let h(f) = f + 8. Let q be h(0). Let a be (3/2)/(6/q). Let j(n) = n + 2 + 2*n + 0*n - a*n. Calculate j(0).
2
Let c(r) = 691*r + 13 + 10 - 686*r. Determine c(-7).
-12
Let x(g) = g + 21. Let n(t) = 1. Let j(f) = 2*n(f) - x(f). What is j(-6)?
-13
Suppose -3*a + 7 = 2*k - 6, 5*k + 2 = 4*a. Let s(l) = 4*l - 6. Let z be s(k). Let d(o) = -5*o**2 + 2*o - 2. Determine d(z).
-18
Let f(i) = -i + 1. Let t(d) = -2*d. Let p(r) = -11*f(r) + 6*t(r). Calculate p(-9).
-2
Let a = 2 - -1. Let m(o) = -4*o**3 + 1. Let i be m(-1). Let c(d) = 5*d**2 + 0*d - i*d**2 - 5*d - 6*d**2 - d**a. What is c(-5)?
0
Let l(o) = -44 + o**2 + 33 + 25 - 11*o. Let y be l(10). Let b(a) = a - 5. Determine b(y).
-1
Let t(o) = 26 - 35 + 16*o + 9. Give t(1).
16
Let d(m) = 3*m**2 - 2. Let g(t) = -5*t**2 + t + 6. Let z(v) = 3*d(v) + g(v). Give z(1).
5
Let r = 1 - 52. Let n be r/15 + 8/20. Let j(q) = q - 3. Calculate j(n).
-6
Let j(t) be the second derivative of -t**4/12 - t**3/2 + t**2/2 - 73*t. Give j(5).
-39
Let u(q) be the first derivative of -q**6/120 + q**5/10 - 7*q**4/24 - 2*q**2 + 7. Let i(g) be the second derivative of u(g). What is i(5)?
-10
Let h(i) be the second derivative of 0 - 1/2*i**3 + 1/6*i**4 - 7/2*i**2 - 1/20*i**5 + 2*i + 1/60*i**6. Let v(m) be the first derivative of h(m). What is v(2)?
9
Let y(c) = c**2 - 4*c - 2. Let g be 7/7*-5*2. Let s be (5/g)/(1/44). Let o = 27 + s. Calculate y(o).
3
Let a(v) = -3*v + 38. Let k be a(11). Suppose -16 = -k*y - 21. Let j(f) = -11*f - 1. Determine j(y).
10
Let l(b) be the second derivative of -b**3/6 - 13*b**2/2 - 2*b + 43. Give l(-9).
-4
Let q(v) be the third derivative of 7*v**4/24 + v**3/3 - 15*v**2. Calculate q(-1).
-5
Let m(j) = j**3 + 6*j**2 + j - 1. Let s(p) = p + 2*p**3 + 5*p**2 - 1 - 1 - 4 + 5. Let a(c) = -4*m(c) + 5*s(c). Give a(1).
7
Let t(q) be the third derivative of -q**5/60 + q**4/4 + 5*q**3/6 + q**2 - 97*q. Let p be (-2)/(0 + -2)*-4. Let d be -2*(p/1 - -1). Determine t(d).
5
Let j(n) be the second derivative of -n**5/20 + 3*n**4/4 - n**3/6 + 15*n**2/2 - n. Let f be j(9). Let t(b) = b**3 - 6*b**2 - 2*b + 7. Determine t(f).
-5
Let c(z) be the second derivative of -z**6/40 + z**5/20 - z**4/8 + z**3/3 + 15*z**2/2 - 18*z. Let u(o) be the first derivative of c(o). Determine u(2).
-16
Let r(h) = h + 19. Let d = -1415 + 1415. What is r(d)?
19
Let k = -190 + 105. Let d = k + 88. Let o(h) be the third derivative of -h**5/30 + h**4/8 + h**3/6 - 2*h**2. Calculate o(d).
-8
Let p(h) = -2*h - 2. Let y(d) = d**3 + 2*d**2 - 4*d - 2. Let a be y(-3). Let k be (-5 + 0)*a/(-1). Let c(q) = -2*q - 3. Let o(x) = k*p(x) - 4*c(x). Give o(4).
-6
Let a(y) = -y + 6. Let j be ((-240)/70)/((-8)/(-28)). Calculate a(j).
18
Let i(j) = 3*j**3 - 22*j**2 + 29*j + 26. Let d(o) = o**3 - 7*o**2 + 9*o + 9. Let b(c) = 8*d(c) - 3*i(c). What is b(8)?
2
Let r(j) = 5*j - 47. Let h be r(10). Let k(n) = -25 + h + 8 - n + 1. What is k(-7)?
-6
Suppose -z + 6*v - 6 = 4*v, -6 = z + 4*v. Let p(m) = -2*m - 6. Calculate p(z).
6
Let s(a) be the first derivative of -a**2 - a + 74. Determine s(-1).
1
Suppose 0 = 2*c + 4*t - 38, 3*c - 13*t + 11*t - 41 = 0. Let f(k) = -k**2 + 17*k - 33. Calculate f(c).
-3
Suppose -2*v - 2*a + 4 = 0, -3*v = -a - 17 - 1. Let z = v - -12. Let g(w) = -w + w**2 + 16 - z - 8*w**2. Determine g(-1).
-7
Let i(a) = -2*a**2 + 11*a. Let q(j) = 6*j**2 - 29*j - 1. Let o(g) = -11*i(g) - 4*q(g). What is o(-3)?
1
Let n = 8 - 15. Let a(w) = -3*w**2 - 7*w + w**2 - 4 - w**2 + 2*w**2. Determine a(n).
-4
Let r(m) be the third derivative of -m**2 + 0 - 1/120*m**6 + 0*m**3 + 0*m**5 + 0*m - 1/24*m**4. Let h be (2 - (-5)/(-3))*6. What is r(h)?
-10
Let u(v) = v**2 + 4*v - 2. Let r = -37 + 32. Let i be u(r). Let k(q) = -q**3 + 3*q**2 + 2*q + 4. Calculate k(i).
10
Suppose 3*r - 11 + 5 = 0. Suppose 0 = -l + r + 1. Suppose 5*i = 2*i + l. Let z(y) = y**2 + y. Give z(i).
2
Let a(t) = 6*t - 8. Let j be a(7). Let v(m) = m**2 + 63 - 36 - j - 6*m. Calculate v(7).
0
Let u(a) = -11*a + 41. Let h(f) = 4*f - 14. Let w be (((-35)/15)/7)/((-1)/(-51)). Let g(b) = w*h(b) - 6*u(b). Determine g(6).
-20
Let z be (0/8 - 0)/((-18)/9). Let c(d) = d**2 - d - 4. Let r(m) = m**2. Let h(n) = -c(n) + 2*r(n). Give h(z).
4
Let c be ((-40)/16)/(25/(-20)). Let h(y) = 11*y - 3. Calculate h(c).
19
Let t(f) be the third derivative of -f**6/120 - f**5/10 - 7*f**4/24 - f**3/3 - 79*f**2. Determine t(-5).
8
Let a(b) = 4*b**2 - 4*b + 3. Suppose 2*s - 12 + 4 = 0, 3*l - s - 5 = 0. What is a(l)?
27
Let f(d) be the second derivative of 7*d**3/6 + 8*d**2 + 480*d. Give f(-3).
-5
Let m(y) = -y. Let n(o) = o - 13. Let d(z) = -6*m(z) - n(z). Let a(u) = 28 + 30 + 3*u - 49. Let v(t) = 8*a(t) - 5*d(t). Determine v(6).
1
Let w(d) = -d**3 + 6*d**2 - 6*d + 3. Let r be w(5). Let a(p) be the first derivative of -p**2 - 1/3*p**3 - p - 1/4*p**4 - 3. What is a(r)?
7
Let t(z) = -11 - 250*z + 117*z + z**2 + 126*z. Give t(11).
33
Let r(a) = -a**2 + 4. Let j(z) = -2*z**2 + 8. Let p(g) = -6*j(g) + 13*r(g). Let q(t) = 0*t**3 + 2 + 12*t**2 - 2*t - t**3 + 25. Let b be q(12). Calculate p(b).
-5
Let x(s) = -1 + 5*s**3 + s - 7 - 6*s**2 + 0*s**2. Let h(t) = t**3 - t**2 - 1. Let z(j) = -4*h(j) + x(j). Let w = 0 - -3. Determine z(w).
8
Let z = -81 + 102. Suppose 0 = -0*b - 7*b - z. Let k(t) = -2*t**2 - t - 2. What is k(b)?
-17
Suppose 0 = 4*x - 3*i - 19, -17 = -2*x - 0*x + 3*i. Let f(u) = 0 + 396*u**3 - 3*u**2 - x - 395*u**3. Calculate f(2).
-5
Let d(c) = -40*c - 38. Let p(o) = -13*o - 14. Let f(n) = 4*d(n) - 11*p(n). Give f(-1).
19
Let p(o) = -o**3 + 6*o**2 - 8. Suppose 4 + 2 = b. Suppose -b*i = -3*i - 9. Suppose i - 9 = -w. Give p(w).
-8
Suppose 8*c + 30 + 10 = 0. Let l(d) = d**2 + 3*d - 2. What is l(c)?
8
Let z(g) = -g + 5. Let u be z(0). Let q(a) be the third derivative of -1/60*a**5 + 17*a**2 + 0*a + 0 - 1/3*a**3 + 1/6*a**4. What is q(u)?
-7
Let y be (-3)/(-15) - 89*(-1)/5. Suppose -15*s = -y*s + 18. Let g(m) be the third derivative of -m**6/120 + m**5/12 + m**4/6 + m**3 - 3*m**2. Determine g(s).
-6
Suppose 5*q - 1 = 49. Let r(g) = q*g + g**3 + 4*g**2 - 4*g - 9*g. Let o = -4 - 1. Calculate r(o).
-10
Suppose -v - 1 - 3 = 0. Let q(r) be the third derivative of 0*r + 1/15*r**5 - 1/12*r**4 - 18*r**2 + 1/120*r**6 + 0 - 2/3*r**3. Determine q(v).
4
Let i(w) = -2*w - 9. Let s be i(-6). Let v(h) = 7*h**3 + 4*h**3 + s - 10*h**3 - 5*h - 4 + 4*h**2. Let j = 17 - 22. What is v(j)?
-1
Let r be 10 + -5 + 1 + -2. Suppose 0 = -y + 3*y - r*b + 12, 0 = -2*y - 2*b - 6. Let x(t) be the second derivative of -t**3/2 + t**2 - 10*t + 2. Give x(y).
14
Suppose 6*v = -3*w + v - 23, 0 = 2*w + 3*v + 15. Let l(z) = -6*z**2 - 12*z. Let p(a) = 7*a**2 + 13*a + 1. Let o(n) = 6*l(n) + 5*p(n). Calculate o(w).
11
Let o(l) = -l**3 + 6*l**2 + 2*l - 8. Suppose 8*z = -r + 3*z + 28, 3*r + 5*z = 114. Suppose 3*p - 121 = -r. Suppose 3*a - p + 8 = 0. Give o(a).
4
Suppose 3*d - 2*n = 4, -4*d - 4*n + 36 = n. Let p(w) = -4*w + 3*w - 12 + d. Determine p(0).
-8
Let a(k) = -4 + 1 + 0 + 4*k + 4. Suppose 2*u - 5*d = -34 + 188, -3*u + 4*d + 238 = 0. Let j = -80 + u. What is a(j)?
9
Let g(m) = -m**3 + 9*m**2 - 6*m - 8. Let a be g(8). Let q(s) be the first derivative of -s**3/3 + 7*s**2/2 + 9*s - 40. Give q(a).
1
Let i(x) = -9*x**3 - x**2 - x - 1. Let t(j) = -j**3 - 4*j**2 - 5*j - 3. Let d be t(-3). Let u be 5/(-2)*(d + -1). Let y be 1/u - 32/40. Determine i(y).
8
Let l(w) = -w**2 + 3*w. Let r(b) = -6*b - 3*b - b**2 + 2*b - 1. Let j(q) = -q + 2. Let c be j(8). Let o be r(c). What is l(o)?
-10
Let d(a) = -6 + a**3 - 268*a**2 + 5*a - 269*a**2 + 543*a**2. Give d(-5).
-6
Let h(a) = 2*a - 2. Suppose -9 = 3*l - 0*l. Let t be 89/6 + l/(-18). Let c = 19 - t. Give h(c).
6
Let m(g) = g**2 + 4*g - 19. Let d be (-171)/19 + (-2 - (-3 + -1)). What is m(d)?
2
Let d(n) be the first derivative of -12 - 3*n + 1/2*n**2. Give d(-5).
-8
Suppose -2*d - 15 = -2*t + 13, 3*d + 37 = 2*t. Let k(z) = -z - 1. Give k(d).
8
Let p(u) be the second derivative of 2*u**2 + 0 - 4*u - 1/6*u**3. What is p(-3)?
7
Suppose 17 = 5*b + 3*m - 15, b - 8 = -m. Let o be (1/b)/((-3)/(-24)). Let g(q) = -o*q + 4*q + 2*q + q. What is g(-1)?
-5
Let z(h) = -57*h - 4 + 58*h + 0. Suppose -4*m - 13 = k, 3*k - m = m + 17. Calculate z(k)